 4*y + o*k + 14 - 58 = 0. Let z = 32 - 6. Calculate the remainder when z is divided by y.
12
Let o(y) = y**3 - 6*y**2 + 10*y - 1. Calculate the remainder when o(4) is divided by 2.
1
Suppose -6 = -2*z + 4. Suppose -2*u - 6 = -o - 1, -3*u = o - 5. Suppose w + 2*k = o*w - 26, -70 = -5*w - 5*k. What is the remainder when w is divided by z?
4
Suppose -19 = 3*p + 8. What is the remainder when 33 is divided by (-3)/p - 105/(-9)?
9
Let x(j) = -2*j**3 + 11*j**2 + 8*j - 8. What is the remainder when 13 is divided by x(6)?
1
Let z = -4 - -17. Let v = 21 - z. Calculate the remainder when 10 is divided by (-17)/(-4) + (-2)/v.
2
Let h = 4 + -1. What is the remainder when ((-46)/4)/(2/(-4)) is divided by 24*(h + (-15)/6)?
11
Suppose -7*x = -5*x - 20. What is the remainder when x is divided by 6?
4
Let x(b) = b**3 - 4*b**2 + 5*b - 6. Let g be x(3). Suppose -2*o + 27 + 35 = g. Suppose -22 = -3*h + 26. What is the remainder when o is divided by h?
15
Let r(n) = 9*n**3 + n**2 - 2*n + 1. Let h be r(1). Calculate the remainder when 245/h + 2/(-9) is divided by 15.
12
Let s = 21 - 16. Calculate the remainder when 9 is divided by 2*4/10*s.
1
Let z(o) = -o - 7. Let j be z(-8). Let l(s) = 2*s**3 + s**2 - 2*s + 1. Let i be l(j). What is the remainder when 15 is divided by 16/i*(-9)/(-18)?
3
Suppose p = 3, f - 4*p + 6*p - 8 = 0. What is the remainder when 18 is divided by (1 - -7) + (f - 3)?
4
Let k = -21 + 80. Calculate the remainder when k is divided by 20.
19
Suppose 38*z = 33*z + 65. What is the remainder when 17 is divided by z?
4
Let g(d) = -d**2 + 7*d - 3. Let h(m) = m + 14. Let i be h(-9). What is the remainder when 20 is divided by g(i)?
6
Let s be (-6 - -4)*1/2. Let o be 3/((-9)/(-3)) + s. Suppose -f + 3 = p - 0, 4*p + 2*f - 16 = o. What is the remainder when 8 is divided by p?
3
What is the remainder when 4/10*(57 - -13) is divided by 6?
4
Suppose -2 + 4 = t. Suppose y + 4*o = -16, 3*y - t*y + o = -1. Suppose -4*c = -3*j - 85, 3*c + j = y*j + 66. Calculate the remainder when c is divided by 11.
8
Let z(l) be the second derivative of l**5/20 - 5*l**4/12 + l**3/3 - 2*l**2 - 3*l. Let a be z(4). Calculate the remainder when (-31)/(-3) - a/18 is divided by 6.
5
Suppose -b - 2 = -4. Suppose -4*y - b*k = -k - 28, 0 = 3*y - 3*k - 21. What is the remainder when 12 is divided by y?
5
Let x(w) = -w**3 + 4*w**2 - w - 3. Let z be x(3). Suppose z*h = h + 138. Calculate the remainder when h is divided by 18.
15
Suppose -22 + 93 = n. Calculate the remainder when n is divided by 18.
17
Suppose -o = -3*z - 24 - 4, 2*o = -5*z + 12. What is the remainder when 79 is divided by o?
15
Let l = 71 - 28. Calculate the remainder when l is divided by 9.
7
Let g = 1 + 2. Suppose 0 = -4*o + g*v - v - 4, o + 23 = -5*v. Let m = 7 + o. What is the remainder when 10 is divided by m?
2
Suppose 0 = 2*g - 10 + 4. Suppose -v - 23 = -g*f, 11 = 5*f - v - 28. Let d(s) = -s**2 + 11*s - 3. What is the remainder when d(9) is divided by f?
7
Let q = 9 + 1. Let b(v) = -6*v - 1. Calculate the remainder when b(-5) is divided by q.
9
Let o(m) = -m**3 - 11*m**2 + 12*m + 11. Let x(d) = d**3 + 10*d**2 - 11*d - 12. Let u(h) = 4*o(h) + 3*x(h). What is the remainder when 31 is divided by u(-15)?
7
Suppose 0*h = 4*h - 60. What is the remainder when 88 is divided by h?
13
Suppose 5*k - 3*h - 322 = 0, 4*h - 3*h = 2*k - 129. Calculate the remainder when k is divided by 14.
9
Let u = -33 + 125. Suppose 66 = r - 0*r. Let k = u - r. Calculate the remainder when k is divided by 9.
8
Let y = -5 - -7. Suppose -3*l + 16 = -y*z, -l + 3*z + 1 = -16. Suppose 2 = -v + 2*u - l, -4*u = -16. Calculate the remainder when 5 is divided by v.
1
Let v = 142 + -100. What is the remainder when v is divided by 15?
12
Let m(l) = -86*l**3 - 2*l**2 - 3*l - 1. What is the remainder when m(-1) is divided by 18?
14
Let c be (-1 - 2)*4/12. Let w = c + 3. Suppose -5*h + 5*l = -115, w*h + h - 63 = l. Calculate the remainder when h is divided by 7.
6
Let c = 4 - 2. Suppose -i - 4*w + 9*w - 13 = 0, 5*i + c = 4*w. What is the remainder when 5 is divided by i?
1
Let g = 139 + -97. What is the remainder when g is divided by 12?
6
Let y = -30 + 56. Let j(o) = -o**2 + 10*o - 7. Let t(z) = -z**2 + 8*z. Let a be t(7). What is the remainder when y is divided by j(a)?
12
Let m be (0 - 2)*3/2. What is the remainder when (7 - 8)/(1/m) is divided by 1?
0
What is the remainder when 19 is divided by (-224)/42*3/(-2)?
3
Suppose 0 = -5*c - 105 + 675. Suppose -5*m + q - 3*q = -285, -q = 2*m - c. What is the remainder when m is divided by 15?
12
Suppose -d = -2*d + 18. Let y = -1949 - -1035. Calculate the remainder when 2/9 - y/18 is divided by d.
15
Let a(j) = -4*j**2 - 33*j - 1. Let u(q) = q**2 + 8*q. Let p(y) = -2*a(y) - 9*u(y). What is the remainder when p(-5) is divided by 2?
1
Suppose -r = -0*r - 5. Suppose 0 = -5*n - 2*o + 550, -4*o - 550 = -0*n - r*n. Calculate the remainder when n is divided by 28.
26
Suppose 9 = -r + 4*r. Let s(i) = -i**3 + 6*i**2 + 10*i. Let x be s(7). Suppose -r*b + 18 = -x. What is the remainder when b is divided by 5?
3
Let o(d) = d + 2. Suppose 2*t = -t + 24. Suppose 4*n - t*n + 8 = 0. Calculate the remainder when o(0) is divided by n.
0
Suppose 29 = -5*i + 74. Calculate the remainder when i is divided by 3.
0
Let j = -11 + 25. Suppose 5*p - 20 = 0, -3*p + 128 = 4*z + 2*p. What is the remainder when z is divided by j?
13
Let i = 17 - 12. Suppose 4*a - 5*z - 43 = 0, i*a - 2*z - 10 = 4*a. What is the remainder when a is divided by 7?
5
Let x = 9 - 2. Calculate the remainder when x is divided by 2.
1
Let p = 118 + -80. Let r = 9 + 4. Calculate the remainder when p is divided by r.
12
Suppose -5*a - 28 = -4*z, 3*a + 12 = 4*z - 8. Suppose 0 = 3*s - 12, z*y = -2*s - 0*s + 54. Calculate the remainder when y is divided by 6.
5
Let w = 0 - -2. Let s(h) = h**3 + h**3 + h + 3 + 2*h**2 - 4. What is the remainder when s(w) is divided by 13?
12
Let f(h) = -h + 5. Let q be f(-4). Suppose -b = -q - 5. Let u(n) = -3*n - 1. Calculate the remainder when b is divided by u(-3).
6
Let c be 2/(-4) + 1/2. Let x(r) be the third derivative of r**6/120 + r**5/60 - r**4/24 + 29*r**3/6 + r**2. What is the remainder when x(c) is divided by 10?
9
What is the remainder when 3/12 - (-430)/8 is divided by 11?
10
Let a be (-2)/8 + (-60)/16. Calculate the remainder when 308/9 + a/18 is divided by 91/5 + 1/(-5).
16
Suppose 2*s = 2*u - 22, -4*u + 13 = s - 16. Suppose 43 - 11 = 4*b. Calculate the remainder when 1*(-2)/(b/(-60)) is divided by u.
7
Let o(t) = -t**2 - 5*t + 2. Let k be o(-5). Suppose -k*c + c + 12 = -j, -2*c - j = -24. Calculate the remainder when 34 is divided by c.
10
Let d = -13 - -54. Suppose 3*y = -2*w - 20, 0 = 3*w + 2*w + 4*y + 43. Calculate the remainder when d is divided by (w/2)/(3/(-18)).
20
Let o be 0/(-2) - 1 - -3. Suppose o*x + 51 = 5*x. Let a = 0 + 9. Calculate the remainder when x is divided by a.
8
Suppose -l + 0 = -3. Suppose 3*g - 5*a = -g + 33, -2*a = 3*g + 4. Suppose -g*z = 3*z - 35. What is the remainder when z is divided by l?
1
Suppose 2*q + 5*u = 133 + 12, 2*u = -5*q + 373. Suppose -3*l - 2*l + q = 0. What is the remainder when l is divided by 8?
7
Let r(f) = 3*f**2 + 3*f. Let m be r(-2). What is the remainder when (1 - 2/6)/(14/483) is divided by 68/m + 2/3?
11
Let q be (108/45)/(6/200). Let m be 1 - (-1 + 8 - 1). What is the remainder when 30 is divided by q/(-6)*6/m?
14
Suppose 4*a - 14 = 30. Calculate the remainder when ((-4)/(4/(-3)) + -2)*43 is divided by a.
10
Suppose 0 = r + 4*v - 54, 0 = -v - 2*v + 15. What is the remainder when r is divided by 13?
8
Let j(x) = x**2 + 4 + x**2 + 2*x - x**2 + x**3 - 6*x**2. Calculate the remainder when 40 is divided by j(5).
12
Suppose -2*s - 123 = s. Let z = s + 73. Calculate the remainder when z is divided by 11.
10
Let f(u) = -2*u - 1 + 3*u + 0*u + u. Calculate the remainder when f(5) is divided by 3.
0
Let q be 1 - 1 - (-84)/2. Let x = -14 + q. Suppose 5*v - 3 = -2*c - 8, -10 = 2*v. What is the remainder when x is divided by c?
8
Let p = 10 + -7. Suppose -p*g + 193 = 4*y, -3*y = 2*g - 80 - 64. What is the remainder when y is divided by 24?
22
Suppose 0 = -5*v + 15, 5*b = 4*v + v. Calculate the remainder when 9 is divided by b.
0
Let p(v) = v**3 + v - 4. Suppose 0 = -b + 2*b - 11. Let 